43856?
48
Calculate the highest common factor of 7992734 and 100626.
1082
Calculate the highest common divisor of 32241 and 139846803.
2931
Calculate the greatest common factor of 134 and 220345982.
134
What is the greatest common factor of 2208 and 26675400?
552
What is the highest common divisor of 206891568 and 1443?
1443
Calculate the highest common divisor of 18314 and 149616223.
9157
What is the greatest common factor of 213590 and 495070?
310
What is the greatest common factor of 88491 and 234?
39
What is the highest common divisor of 609778561 and 14?
7
What is the highest common factor of 3008 and 15962704?
752
What is the greatest common divisor of 315879784 and 4688?
2344
What is the highest common divisor of 615 and 218400030?
615
What is the greatest common divisor of 573 and 725609?
191
Calculate the greatest common divisor of 72644 and 7124.
52
Calculate the highest common factor of 671067 and 10380.
519
What is the greatest common divisor of 91755175 and 2675?
2675
What is the highest common factor of 14451600 and 30?
30
Calculate the highest common factor of 125 and 33064225.
25
What is the greatest common factor of 72390 and 1051935?
285
Calculate the highest common divisor of 567293 and 621131.
997
What is the greatest common factor of 2749132 and 2788?
164
Calculate the highest common factor of 7138500 and 80.
20
What is the highest common factor of 104 and 5232960?
8
What is the greatest common divisor of 58 and 37849437?
29
Calculate the greatest common divisor of 90 and 353040810.
30
Calculate the highest common divisor of 4446630 and 172.
86
Calculate the greatest common divisor of 1152936 and 248436.
2412
Calculate the highest common factor of 131321810 and 212.
106
What is the greatest common factor of 49580 and 1370?
10
What is the greatest common factor of 343 and 277889241?
49
Calculate the highest common divisor of 41594 and 18102.
14
What is the highest common factor of 57 and 115369292?
19
Calculate the greatest common divisor of 189205 and 420517.
79
What is the greatest common divisor of 119 and 3510017?
7
What is the highest common divisor of 18071430 and 27?
3
What is the greatest common divisor of 4584968 and 816?
136
Calculate the highest common factor of 996 and 6881696.
332
What is the greatest common divisor of 52710 and 14773107?
753
What is the greatest common divisor of 333575 and 409500?
25
What is the greatest common factor of 19326153 and 693?
231
Calculate the highest common divisor of 3178770 and 1344.
42
What is the greatest common factor of 80453537 and 119?
17
What is the greatest common divisor of 8320764 and 120?
12
What is the highest common divisor of 2431 and 7799753?
221
What is the greatest common divisor of 45 and 231797061?
9
Calculate the greatest common factor of 210 and 500130330.
210
What is the greatest common divisor of 745 and 8055685?
745
What is the highest common divisor of 285 and 70339881?
57
What is the greatest common divisor of 6513 and 2999487?
501
What is the greatest common factor of 5103088 and 526384?
3152
Calculate the highest common factor of 1646 and 79120751.
823
Calculate the highest common factor of 4675 and 93960955.
935
What is the greatest common divisor of 4510 and 517338?
82
What is the highest common factor of 193713542 and 2266?
2266
Calculate the highest common divisor of 521142448 and 1759.
1759
What is the greatest common factor of 9680 and 781418?
242
Calculate the highest common factor of 1532416 and 451943.
2993
Calculate the highest common divisor of 58310900 and 42172.
3244
What is the highest common divisor of 20812599 and 189?
27
Calculate the highest common divisor of 7501170 and 2562.
366
Calculate the highest common divisor of 1127760 and 72.
24
What is the highest common divisor of 36 and 5103372?
12
Calculate the greatest common divisor of 245163 and 3834.
213
What is the highest common divisor of 24 and 79598?
2
Calculate the highest common factor of 47314 and 246.
82
What is the highest common divisor of 4125 and 43114665?
165
What is the highest common factor of 7992 and 3088464?
888
Calculate the greatest common divisor of 38 and 106899510.
38
Calculate the greatest common divisor of 368 and 97113936.
16
Calculate the greatest common divisor of 127650 and 1010470.
370
Calculate the highest common divisor of 12750866 and 37.
37
Calculate the greatest common factor of 3171498 and 51040.
638
What is the highest common factor of 190 and 381653?
19
Calculate the highest common factor of 62639 and 96.
1
What is the highest common divisor of 283 and 1514?
1
Calculate the greatest common factor of 3801992 and 1472.
184
What is the highest common factor of 109 and 5522812?
109
Calculate the greatest common divisor of 2242250 and 500.
250
What is the highest common divisor of 2075296 and 96?
32
What is the highest common factor of 132040155 and 2145?
195
Calculate the greatest common factor of 3420 and 32878620.
180
What is the greatest common factor of 49068123 and 8181?
303
Calculate the highest common divisor of 92532996 and 540.
108
Calculate the highest common divisor of 103566 and 2931423.
1263
Calculate the greatest common divisor of 3729639282 and 17.
17
Calculate the highest common divisor of 141 and 235818599.
47
What is the highest common factor of 130512163 and 823?
823
Calculate the greatest common divisor of 7491 and 33374.
11
What is the greatest common factor of 4350493 and 31117?
841
Calculate the greatest common divisor of 5605 and 48845333.
1121
Calculate the highest common divisor of 2922948272 and 16.
16
What is the greatest common divisor of 323 and 191451467?
323
What is the greatest common factor of 6845036 and 836?
44
What is the highest common divisor of 501438021 and 42?
21
Calculate the highest common factor of 140420 and 1405040.
140
What is the highest common divisor of 9 and 80922141?
9
What is the greatest common factor of 666390495 and 8985?
8985
What is the highest common factor of 25372864 and 3344?
176
Calculate the highest common factor of 132 and 4729332.
12
Calculate the greatest common factor of 896156 and 42704.
628
Calculate the highest common factor of 81726 and 1397052.
1542
What is the highest common divisor of 1512 and 13096692?
252
Calculate the greatest common divisor of 1000998 and 4417985.
6179
What is the highest common divisor of 4269 and 175730539?
1423
What is the greatest common divisor of 1597904 and 2354?
22
What is the highest common factor of 244500 and 61836?
12
What is the highest common divisor of 91 and 74070542?
91
What is the highest common factor of 280 and 617670795?
35
Calculate the greatest common divisor of 2776 and 58472.
8
Calculate the highest common divisor of 7735 and 428610.
455
Calculate the highest common divisor of 172 and 718876.
4
What is the highest common factor of 2039045 and 47285?
965
Calculate the greatest common factor of 3671274 and 834.
6
What is the greatest common divisor of 3641 and 17831?
11
Calculate the highest common factor of 287678 and 4287442.
3466
Calculate the greatest common divisor of 360 and 10495040.
40
Calculate the greatest common factor of 10550864 and 40400.
1616
Calculate the greatest common divisor of 1353337 and 126881.
181
Calculate the greatest common divisor of 2176 and 30783328.
544
What is the greatest common divisor of 23807672 and 77128?
2488
What is the highest common divisor of 9 and 66195153?
9
What is the highest common divisor of 435 and 832908855?
435
Calculate the highest common divisor of 4944180 and 1014.
6
Calculate the greatest common factor of 14095696 and 32.
16
Calculate the greatest common factor of 143 and 691295.
11
What is the greatest common factor of 2323477 and 920803?
4771
What is the greatest common divisor of 5803774 and 449?
449
What is the highest common factor of 6392833 and 34?
17
What is the highest common factor of 1802548 and 31158?
1154
Calculate the highest common divisor of 29834942 and 141.
47
Calculate the greatest common factor of 75 and 15159525.
75
Calculate the highest common divisor of 2364497 and 804.
67
What is the highest common divisor of 33947630 and 130?
10
Calculate the greatest common factor of 1995 and 4536915.
285
Calculate the highest common factor of 1762 and 18053046